 = n - 44. Let r be (3 + -2 + -2)*n - 4. Let q = 126 + r. What is the tens digit of q?
8
Suppose 7*k + 37 = -40. Let f(u) = -u**2 - 10*u + 24. Let s be f(k). Suppose s*l - 116 = 11*l. What is the units digit of l?
8
Suppose 9*k - 23 - 31 = 0. Suppose k*s - 4*x = 10*s - 760, s - 181 = -4*x. What is the hundreds digit of s?
1
What is the hundreds digit of 121 - 130 - ((-1 - -1) + -14375)?
3
Suppose 4*p - 17 + 9 = 2*d, -p + 4 = 0. Suppose -2*x - y = -597, d*y = -x - 74 + 362. What is the hundreds digit of x?
3
Suppose -4*v - c = -3*c - 3284, -2*v = -4*c - 1630. Let l = 176 + v. What is the tens digit of l?
9
Let a = 72 - -260. Let d = a + -66. Let u = -57 + d. What is the units digit of u?
9
Suppose y + 3*x = 89, -2*y + 2*x + 145 + 41 = 0. Suppose 2*z - y = 386. What is the units digit of z?
9
Let y be 27 + (16/(-10))/((-4)/(-10)). Let k(b) = -b**3 + 29*b**2 + 20*b + 14. Let x be k(y). Suppose -x = -2*j - 14*j. What is the hundreds digit of j?
2
Let l = 496 + 940. Let o = -904 + l. What is the units digit of o?
2
Let j = 12064 - 7367. What is the hundreds digit of j?
6
Let z = 14516 + 6994. What is the thousands digit of z?
1
Suppose -s - 41 = -31. Let g be 2*(-3)/(-3) + -37. Let l = s - g. What is the tens digit of l?
2
Let l(u) = -u**2 + 16*u - 75. Let a be l(5). Let j = a - -124. What is the units digit of j?
4
Let q(g) = 5002*g - 1079. What is the units digit of q(9)?
9
Suppose s + 3*d = 7, 9 = 3*s - 4*d + d. Suppose 0 = b - 5*b - s*a + 36, -7 = -3*b + 2*a. What is the units digit of (-6402)/(-110) - 1/b?
8
Let s be (-5 - -6)*(-498)/(-2). Let k = 390 + s. What is the tens digit of k?
3
Suppose -3*o + 11 = -4*j - 11, -o + 5*j = 0. Let u(p) = -25*p - 69. Let s(h) = -38*h - 103. Let c(k) = -5*s(k) + 7*u(k). What is the hundreds digit of c(o)?
1
Suppose x = -d + 26 - 7, -5*d = 3*x - 105. Let z be ((-3)/2)/(d/(-64)). What is the tens digit of 167 - (z + -4)*(-2)/4?
6
Let l(y) = 5*y - 10. Let f be l(-6). Let r = f - -50. What is the units digit of 16/(-40) + 754/r?
5
Suppose 3*s - 1639145 = -23*s - 157691. What is the thousands digit of s?
6
Let i(g) = -6*g**2 - g - 3 + 4 - g**2 + 10*g**3 + 4*g**2. Let q be i(-4). What is the units digit of 4/(-6) + (-6)/(18/q)?
7
Suppose -5*q + 0 + 2 = -2*c, -1 = c. Let s be (q/((-3)/(-1)))/(-3). What is the tens digit of s - 5/((-5)/57)?
5
Let o = 701 + -699. Let p(k) = 8*k**3 - k - 2. Let g(x) = -15*x**3 + 2*x + 4. Let m(a) = -3*g(a) - 5*p(a). What is the units digit of m(o)?
6
Let h = 19 - 16. Suppose -2*y - y = 5*r - 60, 42 = h*y - r. Suppose -y*n + 138 = -13*n. What is the units digit of n?
9
Let r = 740 - -94. Let d = -42 + r. What is the tens digit of d?
9
Suppose 3062 - 6695 = 3*m - 10*m. What is the units digit of m?
9
Let h be (4140/(-4))/(-3 + 2). Suppose -2*j = -5*j + h. Suppose 6*d - j = -69. What is the tens digit of d?
4
Let h(g) = -g**3 - 113*g**2 - 42*g - 360. What is the ten thousands digit of h(-117)?
5
Suppose 2*w + 3*v = -14, -2*w + 4*v + 16 = -4*w. Let q(y) = 679*y - 723*y + 29 + 4. What is the units digit of q(w)?
9
Let u(s) = 56*s + 31. Let b(h) = -112*h - 62. Let f(t) = 6*b(t) + 13*u(t). What is the hundreds digit of f(16)?
9
Suppose 94*h - 90*h + 356 = 4*f, 346 = 4*f - 2*h. Suppose 4*u - 172 = f. What is the tens digit of u?
6
Suppose -3*p - 2984 = -r + 10277, 3*r = 4*p + 39773. What is the thousands digit of r?
3
Let r(b) = 152*b**2 + 15*b + 196. What is the units digit of r(-10)?
6
Let p = -208 + 205. What is the units digit of (5 + (-1 - 2))/(p/(-642))?
8
Suppose 5*x - 281651 = -4*w, -4*w + 127*x - 125*x = -281686. What is the thousands digit of w?
0
Let h(c) = c - 5. Let a be h(5). Suppose a = 3*p + 4*g - 9*g - 1298, 0 = 5*p + 5*g - 2110. What is the tens digit of p?
2
Let z be 7/4 + (-12)/(-48). Suppose z*u - 42 = v, -14*u = 4*v - 11*u + 168. Let f = 94 + v. What is the tens digit of f?
5
Let u(s) = -s**3 + 68*s**2 + 236*s + 12. What is the units digit of u(71)?
5
What is the hundreds digit of (-55332)/(-6) + (12 - -3)?
2
Suppose 353738 = 5*y + 2*w, 5*y - 455649 + 101935 = 4*w. What is the ten thousands digit of y?
7
Suppose 0 = -2*g + 10 - 0. Suppose 0 = -4*z + g*z + 251. Let t = z - -416. What is the hundreds digit of t?
1
Let x(q) = 112*q**2 - 176*q + 2440. What is the units digit of x(13)?
0
Let c = 204 - 192. Suppose -2823 = -5*q - 14*y + c*y, 4 = y. What is the tens digit of q?
6
Suppose 5*u = v + 16480, -2*u + 6605 = 239*v - 242*v. What is the thousands digit of u?
3
Let q = -220 + 223. Suppose 902 = -p + q*p. What is the tens digit of p?
5
Let f = 25 + -20. Suppose -3*n + 92 + 163 = 4*x, 3*x + f*n - 194 = 0. Let g = x - 50. What is the units digit of g?
3
Suppose -129*v = -105*v - 97128. What is the hundreds digit of v?
0
Let g = -168 + 168. Suppose g = -4*b + 9*b - 1540. What is the units digit of b?
8
Suppose 0 = 4*j - 18 + 2. Suppose j*l = l + 1536. What is the units digit of l?
2
Let p be -170*(-232)/6*30/50. Suppose -k + 4053 = 4*z - 1205, -3*z - k = -p. What is the tens digit of z?
1
Let y = 178 - 173. Suppose -3*p + y*r = -5*p + 323, p - 4*r - 142 = 0. What is the units digit of p?
4
What is the thousands digit of -2 - 3*(26205/(-9) - 1)?
8
What is the hundreds digit of 13/(156/(-144)) - -7386?
3
Let g be ((-52)/39)/(6/18) + 14. Let n(j) = j**3 + 4*j**2 - 1. Let u be n(-4). What is the units digit of u/2 - (-1535)/g?
3
Suppose 0 = 47*o - 149392 - 142619. What is the tens digit of o?
1
Let k(u) = 3*u**3 - 10*u**2 + 81*u - 708. What is the hundreds digit of k(19)?
7
Let y = 97 - 73. Let d be y/2*((-92)/(-4) - -1). Let s = d + -170. What is the tens digit of s?
1
Let k(v) = -16*v + 2. Suppose -27 = -5*x - 67. What is the tens digit of k(x)?
3
Suppose -5*v - o + 155055 = 0, -3*v + o - 8965 = -101990. What is the ten thousands digit of v?
3
Let s(z) = -z**2 - 8*z - 3. Let t(f) = -f**2 - f + 1. Let k(w) = s(w) - 2*t(w). Let g = -936 + 929. What is the tens digit of k(g)?
8
Let z(l) = 15*l**2 - 16 - l**3 - 9*l**2 + 2*l**3 + l**3. What is the tens digit of z(7)?
6
Let k = 38 - 53. Let z = k + 57. What is the tens digit of 12/z - (-1270)/14?
9
Suppose 3*t - 55 = v - 5*v, -2*t - 4*v + 42 = 0. Suppose 14*r - 152 = t*r. Suppose 2*y = 4*u - 114, 3*y + 44 - r = -3*u. What is the tens digit of u?
3
Suppose -15239613 = -222*n - 2193814 + 6486427. What is the units digit of n?
3
Suppose 1840 = 5*u + 4*t, u - 6*t = -10*t + 384. Suppose 336*a - u = 332*a. What is the tens digit of a?
9
Suppose 3 - 3 = -2*x. Suppose 5*d - 3*z - 2*z - 5 = 0, -2*d + 5*z - 10 = 0. Suppose 5*j - d = x, 2*j - 173 + 69 = -v. What is the hundreds digit of v?
1
Suppose 1999*y = 2017*y - 245484. What is the ten thousands digit of y?
1
Let a = -3008 - -6208. Suppose -7*x = -713 - a. What is the tens digit of x?
5
Suppose -5*v + 4*w - 10 = 0, 4*w - 24 = -v - v. Suppose -5*h = v*h - 378. What is the tens digit of h?
5
Let s = 575 + -264. Suppose 0 = q - 2*r - s, -4*q - 2*r + 1272 = -3*r. What is the tens digit of q?
1
Let o(s) be the second derivative of 28*s + 1/3*s**3 + 13/12*s**4 + 0 - 13/2*s**2. What is the tens digit of o(-4)?
8
Let o(l) = -182*l - 2*l**2 - 171*l + 374*l + 5. Let p = 10 - 4. What is the units digit of o(p)?
9
Let r(j) = j**3 + 9*j**2 + 4*j + 8. Suppose 0 = -4*w + 66 - 2. Suppose 0 = 3*p + 2 + w. What is the tens digit of r(p)?
9
Let h(k) = -k**3 - 3*k**2 - 4*k - 2. Let d be h(-3). Suppose 0*o - o + 2*c = -d, -4*c = -3*o + 22. What is the units digit of (80/12)/(o/9)?
0
Let p(w) = 4*w**2 - 20*w + 157. Let y be p(41). Suppose 2*l = a - 2007, -y = -3*a + 222*l - 224*l. What is the thousands digit of a?
2
Suppose -3*f + 8*h + 12836 = 6*h, 0 = -3*f - 3*h + 12831. What is the thousands digit of f?
4
Let q(x) = 7*x + 79. Let w be 1 + 4 - -5*(4 + 0). What is the hundreds digit of q(w)?
2
Let s(x) be the third derivative of 47*x**5/60 + 5*x**4/8 + 37*x**3/6 + 129*x**2. What is the hundreds digit of s(-6)?
6
Let b be (-1148)/(-84) - (-2)/(-3). Suppose b*k = 3505 - 463. What is the tens digit of k?
3
Let c be (-7)/(28/(-4)) + -19. Let l(j) = j**2 - 27*j - 7. What is the units digit of l(c)?
3
Suppose 50 = 5*x + 4*y, -2*y + 20 = 2*x + 3*y. Suppose 2*s = -x*s + 984. What is the units digit of s?
2
Suppose 23 = -2*k + 329. Let m = 185 - k. What is the units digit of m?
2
Let x = 23 + 244. Suppose x = 2*y